{"id":75,"date":"2021-09-02T14:29:30","date_gmt":"2021-09-02T14:29:30","guid":{"rendered":"https:\/\/www.ketokaritsa.fi\/?page_id=75"},"modified":"2026-04-13T15:39:01","modified_gmt":"2026-04-13T15:39:01","slug":"yhteystiedot","status":"publish","type":"page","link":"https:\/\/www.ketokaritsa.fi\/index.php\/yhteystiedot\/","title":{"rendered":"Yhteystiedot:"},"content":{"rendered":"\n<h2 class=\"wp-block-heading has-text-align-left has-cyan-bluish-gray-color has-white-background-color has-text-color has-background has-link-color wp-elements-42bb69439fcdc0d51309b69480a144f0\">Tapahtumat ja tilaukset:  <\/h2>\n\n\n\n<p class=\"has-cyan-bluish-gray-color has-white-background-color has-text-color has-background has-link-color wp-elements-e495429cf751adae35e792bf23537326\" style=\"font-style:normal;font-weight:500\"><strong><em>Ota yhteytt\u00e4 Outiin<\/em> p. 044 260 6660, s\u00e4hk\u00f6posti: outi@ket<\/strong>okaritsa.fi<\/p>\n\n\n\n<h2 class=\"wp-block-heading has-cyan-bluish-gray-color has-white-background-color has-text-color has-background has-link-color wp-elements-44f718e6594edb3eb290d6af193b18a7\">Lammas-, pelto- ja laidun asiat:<\/h2>\n\n\n\n<p class=\"has-cyan-bluish-gray-color has-white-background-color has-text-color has-background has-link-color wp-elements-c4b2561d84d6198e76a134672bb98980\" style=\"font-style:italic;font-weight:500\"><em><strong>Ota yhteytt\u00e4 Esaan <\/strong><\/em>p. 045 130 7040, s\u00e4hk\u00f6posti: esa@ketokaritsa.fi<\/p>\n\n\n\n<p class=\"has-black-color has-text-color has-link-color wp-elements-9ac00cf961d1ea846fe5a532228b76c6\"><\/p>\n\n\n\n<p class=\"has-cyan-bluish-gray-color has-white-background-color has-text-color has-background has-link-color wp-elements-08036a30230e40a41a731434794eadac\" style=\"font-style:normal;font-weight:600\">Meid\u00e4t l\u00f6yd\u00e4t somesta: <a href=\"https:\/\/www.instagram.com\/ketokaritsa\/\">Instagram<\/a> <a href=\"https:\/\/www.facebook.com\/profile.php?id=100072051164478\">Facebook<\/a><br><\/p>\n\n\n\n<p><\/p>\n","protected":false},"excerpt":{"rendered":"<p>Tapahtumat ja tilaukset: Ota yhteytt\u00e4 Outiin p. 044 260 6660, s\u00e4hk\u00f6posti: outi@ketokaritsa.fi Lammas-, pelto- ja laidun asiat: Ota yhteytt\u00e4 Esaan p. 045 130 7040, s\u00e4hk\u00f6posti: [&hellip;]<\/p>\n","protected":false},"author":1,"featured_media":0,"parent":0,"menu_order":0,"comment_status":"closed","ping_status":"closed","template":"","meta":{"footnotes":""},"class_list":["post-75","page","type-page","status-publish","hentry"],"_links":{"self":[{"href":"https:\/\/www.ketokaritsa.fi\/index.php\/wp-json\/wp\/v2\/pages\/75","targetHints":{"allow":["GET"]}}],"collection":[{"href":"https:\/\/www.ketokaritsa.fi\/index.php\/wp-json\/wp\/v2\/pages"}],"about":[{"href":"https:\/\/www.ketokaritsa.fi\/index.php\/wp-json\/wp\/v2\/types\/page"}],"author":[{"embeddable":true,"href":"https:\/\/www.ketokaritsa.fi\/index.php\/wp-json\/wp\/v2\/users\/1"}],"replies":[{"embeddable":true,"href":"https:\/\/www.ketokaritsa.fi\/index.php\/wp-json\/wp\/v2\/comments?post=75"}],"version-history":[{"count":20,"href":"https:\/\/www.ketokaritsa.fi\/index.php\/wp-json\/wp\/v2\/pages\/75\/revisions"}],"predecessor-version":[{"id":229,"href":"https:\/\/www.ketokaritsa.fi\/index.php\/wp-json\/wp\/v2\/pages\/75\/revisions\/229"}],"wp:attachment":[{"href":"https:\/\/www.ketokaritsa.fi\/index.php\/wp-json\/wp\/v2\/media?parent=75"}],"curies":[{"name":"wp","href":"https:\/\/api.w.org\/{rel}","templated":true}]}}